der when 91985 is divided by 30594?
203
What is the remainder when 1600850 is divided by 1101?
1097
What is the remainder when 3232 is divided by 1610?
12
Calculate the remainder when 3075923 is divided by 137.
136
Calculate the remainder when 432947 is divided by 109.
108
What is the remainder when 156651 is divided by 49?
47
What is the remainder when 12263 is divided by 82?
45
What is the remainder when 28287 is divided by 17?
16
What is the remainder when 8622 is divided by 214?
62
Calculate the remainder when 60479 is divided by 40.
39
Calculate the remainder when 7197 is divided by 19.
15
What is the remainder when 2380 is divided by 335?
35
Calculate the remainder when 6617 is divided by 3277.
63
What is the remainder when 434331 is divided by 1639?
1635
What is the remainder when 7845 is divided by 2556?
177
Calculate the remainder when 19110 is divided by 1598.
1532
Calculate the remainder when 9410 is divided by 37.
12
What is the remainder when 132981 is divided by 66467?
47
Calculate the remainder when 25380 is divided by 152.
148
What is the remainder when 21405 is divided by 498?
489
What is the remainder when 931448 is divided by 650?
648
What is the remainder when 58040 is divided by 58022?
18
Calculate the remainder when 20205 is divided by 48.
45
Calculate the remainder when 3898 is divided by 84.
34
Calculate the remainder when 1030058 is divided by 73.
28
Calculate the remainder when 8021 is divided by 888.
29
What is the remainder when 430959 is divided by 16?
15
Calculate the remainder when 289975 is divided by 135.
130
Calculate the remainder when 22956 is divided by 149.
10
Calculate the remainder when 13249 is divided by 401.
16
What is the remainder when 1120993 is divided by 15?
13
What is the remainder when 2534045 is divided by 4?
1
What is the remainder when 96410 is divided by 32116?
62
Calculate the remainder when 17769 is divided by 40.
9
What is the remainder when 30310 is divided by 102?
16
What is the remainder when 4315 is divided by 92?
83
What is the remainder when 120151 is divided by 686?
101
Calculate the remainder when 417376 is divided by 789.
784
What is the remainder when 142 is divided by 37?
31
What is the remainder when 10754 is divided by 717?
716
Calculate the remainder when 94209 is divided by 820.
729
Calculate the remainder when 435261 is divided by 78.
21
What is the remainder when 6095 is divided by 39?
11
Calculate the remainder when 3030989 is divided by 30.
29
What is the remainder when 11348 is divided by 24?
20
Calculate the remainder when 155 is divided by 51.
2
What is the remainder when 12307 is divided by 29?
11
What is the remainder when 896 is divided by 75?
71
Calculate the remainder when 7662 is divided by 510.
12
What is the remainder when 5165 is divided by 1524?
593
What is the remainder when 7302 is divided by 20?
2
Calculate the remainder when 22650 is divided by 1506.
60
What is the remainder when 3989 is divided by 3978?
11
Calculate the remainder when 2151 is divided by 80.
71
What is the remainder when 334650 is divided by 747?
741
Calculate the remainder when 1715 is divided by 506.
197
Calculate the remainder when 29326 is divided by 9639.
409
Calculate the remainder when 17184 is divided by 1169.
818
Calculate the remainder when 2509905 is divided by 42.
27
What is the remainder when 90325 is divided by 59?
55
What is the remainder when 17060 is divided by 52?
4
What is the remainder when 60365 is divided by 382?
9
What is the remainder when 3160 is divided by 346?
46
Calculate the remainder when 63578 is divided by 92.
6
What is the remainder when 61094 is divided by 7?
5
Calculate the remainder when 23345 is divided by 109.
19
What is the remainder when 60607 is divided by 319?
316
What is the remainder when 240842 is divided by 6881?
7
What is the remainder when 47912 is divided by 47911?
1
Calculate the remainder when 15746 is divided by 624.
146
Calculate the remainder when 17091 is divided by 769.
173
What is the remainder when 5264 is divided by 8?
0
Calculate the remainder when 3238 is divided by 944.
406
What is the remainder when 5563 is divided by 1849?
16
Calculate the remainder when 2599 is divided by 859.
22
Calculate the remainder when 16950 is divided by 57.
21
What is the remainder when 2452 is divided by 160?
52
Calculate the remainder when 3617 is divided by 917.
866
What is the remainder when 427760 is divided by 31?
22
Calculate the remainder when 2421 is divided by 55.
1
Calculate the remainder when 2178 is divided by 20.
18
What is the remainder when 1237103 is divided by 24?
23
Calculate the remainder when 709620 is divided by 70961.
10
What is the remainder when 13164 is divided by 1201?
1154
What is the remainder when 90038 is divided by 135?
128
What is the remainder when 1195 is divided by 66?
7
What is the remainder when 23356 is divided by 196?
32
What is the remainder when 82211 is divided by 12?
11
Calculate the remainder when 14202 is divided by 2019.
69
Calculate the remainder when 5602 is divided by 436.
370
What is the remainder when 8445 is divided by 162?
21
Calculate the remainder when 6826997 is divided by 200.
197
What is the remainder when 4433 is divided by 1442?
107
Calculate the remainder when 201497 is divided by 403.
400
What is the remainder when 1706 is divided by 75?
56
Calculate the remainder when 23218 is divided by 430.
428
Calculate the remainder when 52571 is divided by 10499.
76
What is the remainder when 981 is divided by 477?
27
What is the remainder when 5054 is divided by 2233?
588
Calculate the remainder when 14693 is divided by 525.
518
Calculate the remainder when 131615 is divided by 195.
185
Calculate the remainder when 196652 is divided by 49162.
4
Calculate the remainder when 8460 is divided by 160.
140
What is the remainder when 36232 is divided by 35779?
453
What is the remainder when 70957 is divided by 70939?
18
What is the remainder when 3601 is divided by 1745?
111
What is the remainder when 59110 is divided by 9?
7
What is the remainder when 6762 is divided by 397?
13
Calculate the remainder when 185111 is divided by 185110.
1
What is the remainder when 20863 is divided by 163?
162
Calculate the remainder when 13147 is divided by 1010.
17
Calculate the remainder when 13494 is divided by 241.
239
What is the remainder when 64701 is divided by 674?
671
Calculate the remainder when 5304 is divided by 59.
53
What is the remainder when 268941 is divided by 13?
10
Calculate the remainder when 96129 is divided by 19223.
14
Calculate the remainder when 759 is divided by 121.
33
What is the remainder when 62796 is divided by 20357?
1725
What is the remainder when 19884 is divided by 144?
12
Calculate the remainder when 203137 is divided by 20313.
7
What is the remainder when 145148 is divided by 24182?
56
Calculate the remainder when 7278 is divided by 1151.
372
Calculate the remainder when 16021 is divided by 8.
5
What is the remainder when 3473 is divided by 49?
43
Calculate the remainder when 2370 is divided by 5.
0
What is the remainder when 190765 is divided by 527?
518
What is the remainder when 48954 is divided by 304?
10
What is the remainder when 5667 is divided by 96?
3
Calculate the remainder when 30800 is divided by 331.
17
What is the remainder when 374340 is divided by 204?
0
What is the remainder when 4231 is divided by 8?
7
What is the remainder when 15581 is divided by 86?
15
What is the remainder when 10526 is divided by 32?
30
What is the remainder when 163631 is divided by 1461?
1460
What is the remainder when 4617820 is divided by 366?
364
What is the remainder when 98015 is divided by 7001?
1
Calculate the remainder when 28473 is divided by 1420.
73
What is the remainder when 20757 is divided by 506?
11
Calculate the remainder when 3381 is divided by 1118.
27
What is the remainder when 607952 is divided by 25?
2
Calculate the remainder when 33009 is divided by 6599.
14
Calculate the remainder when 358777 is divided by 253.
23
Calculate the remainder when 182439 is divided by 72.
63
Calculate the remainder when 33223 is divided by 124.
115
Calculate the remainder when 1544 is divided by 1531.
13
What is the remainder when 50416 is divided by 46?
0
Calculate the remainder whe